{"id":286,"date":"2025-05-21T19:43:27","date_gmt":"2025-05-21T19:43:27","guid":{"rendered":"https:\/\/seteilhas.com.br\/site\/?page_id=286"},"modified":"2025-08-26T01:30:29","modified_gmt":"2025-08-26T01:30:29","slug":"sobre-florianopolis","status":"publish","type":"page","link":"https:\/\/seteilhas.com.br\/site\/sobre-florianopolis\/","title":{"rendered":"Sobre Florian\u00f3polis"},"content":{"rendered":"\n<div class=\"studio-se7ilhas\">\n  <div class=\"studio-se7ilhas__header\" style=\"background: url('https:\/\/seteilhas.com.br\/site\/wp-content\/uploads\/2025\/08\/1-1-3.webp') no-repeat center center\/cover; height: 330px; display: flex; align-items: center; justify-content: center; color: white; text-align: center; text-shadow: 0 2px 4px rgba(0,0,0,0.6); border-radius: 8px; margin-bottom: 2rem; padding: 0 1rem; position: relative;\">\n    <div style=\"position: absolute; top: 0; left: 0; right: 0; bottom: 0; background: rgba(0, 0, 0, 0.3); border-radius: 8px;\"><\/div>\n  <\/div>\n\n  <div class=\"studio-se7ilhas__intro\" style=\"text-align: center; margin-bottom: 2rem;\">\n    <h1>Descubra Florian\u00f3polis<\/h1>\n  <\/div>\n\n  <div class=\"studio-se7ilhas__section\" style=\"background: #fff; border-radius: 12px; padding: 2rem; margin-bottom: 2rem; box-shadow: 0 2px 15px rgba(0,0,0,0.08);\">\n    <h3 style=\"color: #00726c; margin-top: 0; margin-bottom: 1rem;\">Com aproximadamente 407 mil habitantes, Florian\u00f3polis \u00e9 um local \u00fanico.<\/h3>\n    <p>\u00c9 dif\u00edcil escolher a praia mais bonita, a lagoa mais rom\u00e2ntica, o lugar mais charmoso. Floripa, como \u00e9 carinhosamente chamada, encanta de tal forma os visitantes que muitos deles n\u00e3o voltam para casa e acabam escolhendo esse para\u00edso com mais de 100 diferentes praias para viver.<\/p>\n    <br>\n    <p>Florian\u00f3polis \u00e9, al\u00e9m da capital de Santa Catarina, uma cidade moderna com excelente infraestrutura de lazer, turismo, com\u00e9rcio e servi\u00e7os, sendo uma das melhores op\u00e7\u00f5es para investidores.<\/p>\n    <br>\n    <p>Atualmente, Florian\u00f3polis \u00e9 uma das cidades de Santa Catarina que mais atrai imigrantes e investidores. Isso se deve ao seu elevado \u00edndice de desenvolvimento e qualidade de vida.<\/p>\n  <\/div>\n\n  <div class=\"studio-se7ilhas__section\" style=\"background: #fff; border-radius: 12px; padding: 2rem; margin-bottom: 2rem; box-shadow: 0 2px 15px rgba(0,0,0,0.08);\">\n    <h3 style=\"color: #00726c; margin-top: 0; margin-bottom: 1rem;\">Fortaleza de Santa Cruz do Anhatomirim<\/h3>\n    <div class=\"studio-se7ilhas__info-item\" style=\"display: flex; align-items: flex-start; margin-bottom: 1rem;\">\n      <img decoding=\"async\" src=\"https:\/\/seteilhas.com.br\/site\/wp-content\/uploads\/2025\/08\/anhatomirim_dois1.jpg\" style=\"width: 250px; margin-right: 140px; flex-shrink: 0;\" alt=\"Marcador\">\n      <div class=\"studio-se7ilhas__info-text\" style=\"flex: 1;\">\n        A maior das antigas fortalezas possui um panorama magn\u00edfico das ilhas de Ratones, do Arvoredo e de Santa Catarina, e tamb\u00e9m das outras fortalezas. Disp\u00f5e de restaurante, lanchonete, aqu\u00e1rio marinho e exposi\u00e7\u00e3o de mam\u00edferos aqu\u00e1ticos.\n      <\/div>\n    <\/div>\n    \n    <div class=\"studio-se7ilhas__contact-info\" style=\"background: #f0f8f7; padding: 1rem; border-radius: 8px; margin-top: 1rem;\">\n      <p><strong>Mais informa\u00e7\u00f5es:<\/strong><\/p>\n      <p><a href=\"http:\/\/www.fortalezas.ufsc.br\" target=\"_blank\" style=\"color: #00726c; text-decoration: none; font-weight: 500;\">www.fortalezas.ufsc.br<\/a><\/p>\n      <p>Email: <a href=\"mailto:fortalezas@reitoria.ufsc.br\" style=\"color: #00726c; text-decoration: none; font-weight: 500;\">fortalezas@reitoria.ufsc.br<\/a><\/p>\n      <p>Telefone: (48) 3721-8302<\/p>\n      <p>Temporada (jan. e fev.): 9h \u00e0s 18h<\/p>\n      <p>Fora da temporada: 9h \u00e0s 17h<\/p>\n    <\/div>\n  <\/div>\n\n  <div class=\"studio-se7ilhas__section\" style=\"background: #fff; border-radius: 12px; padding: 2rem; margin-bottom: 2rem; box-shadow: 0 2px 15px rgba(0,0,0,0.08);\">\n    <h3 style=\"color: #00726c; margin-top: 0; margin-bottom: 1rem;\">Museu Hist\u00f3rico Pal\u00e1cio Cruz e Sousa<\/h3>\n    \n    <div class=\"studio-se7ilhas__gallery\" style=\"display: grid; grid-template-columns: repeat(auto-fit, minmax(300px, 1fr)); gap: 1.5rem; margin: 2rem 0;\">\n      <a href=\"#\" target=\"_blank\" style=\"display: block; border-radius: 8px; overflow: hidden; box-shadow: 0 3px 10px rgba(0,0,0,0.1); transition: transform 0.3s ease, box-shadow 0.3s ease;\">\n        <img decoding=\"async\" src=\"https:\/\/seteilhas.com.br\/site\/wp-content\/uploads\/2025\/08\/PalacioCruzeSousa_Florianopolis_SC-frontal.jpg\" style=\"width: 100%; height: 100%; object-fit: cover; display: block;\" alt=\"Museu Hist\u00f3rico Vista Frontal\">\n      <\/a>\n      <a #\" target=\"_blank\" style=\"display: block; border-radius: 8px; overflow: hidden; box-shadow: 0 3px 10px rgba(0,0,0,0.1); transition: transform 0.3s ease, box-shadow 0.3s ease;\">\n        <img decoding=\"async\" src=\"https:\/\/seteilhas.com.br\/site\/wp-content\/uploads\/2025\/08\/palacio-cruz-e-sousalateral-2.jpg\" style=\"width: 100%; height: 100%;; object-fit: cover; display: block;\" alt=\"Museu Hist\u00f3rico Vista Lateral\">\n      <\/a>\n    <\/div>\n    \n    <div class=\"studio-se7ilhas__info-item\" style=\"display: flex; align-items: flex-start; margin-bottom: 1rem;\">\n      <img decoding=\"async\" src=\"https:\/\/seteilhas.com.br\/site\/wp-content\/uploads\/2025\/08\/cropped-cropped-cropped-cropped-cropped-Logo-Sete-Ilhas-scaled-1-1-1-e1756151376375.png\" style=\"width: 24px; margin-right: 12px; flex-shrink: 0;\" alt=\"Marcador\">\n      <div class=\"studio-se7ilhas__info-text\" style=\"flex: 1;\">\n        Localizado no centro da cidade, foi o antigo pal\u00e1cio do governo e hoje funciona como museu. Impacta com sua escadaria e detalhes em m\u00e1rmore de Carrara.\n      <\/div>\n    <\/div>\n    \n    <div class=\"studio-se7ilhas__contact-info\" style=\"background: #f0f8f7; padding: 1rem; border-radius: 8px; margin-top: 1rem;\">\n      <p>Ter a sex: 9h \u00e0s 17h (interno) \/ 10h \u00e0s 18h (jardins)<\/p>\n      <p>Sab e dom: 10h \u00e0s 16h<\/p>\n      <p>Ingresso: R$ 5 (com descontos\/gratuidade)<\/p>\n      <p>Email: <a href=\"mailto:mhsc@fcc.sc.gov.br\" style=\"color: #00726c; text-decoration: none; font-weight: 500;\">mhsc@fcc.sc.gov.br<\/a><\/p>\n      <p>Fone: (48) 3028-8091<\/p>\n    <\/div>\n  <\/div>\n\n  <div class=\"studio-se7ilhas__section\" style=\"background: #fff; border-radius: 12px; padding: 2rem; margin-bottom: 2rem; box-shadow: 0 2px 15px rgba(0,0,0,0.08);\">\n    <h3 style=\"color: #00726c; margin-top: 0; margin-bottom: 1rem;\">Mercado P\u00fablico<\/h3>\n    \n    <div class=\"studio-se7ilhas__gallery\" style=\"display: grid; grid-template-columns: repeat(auto-fit, minmax(300px, 1fr)); gap: 1.5rem; margin: 2rem 0;\">\n      <a href=\"https:\/\/seteilhas.com.br\/site\/wp-content\/uploads\/2025\/08\/mercado-publico.jpg\" target=\"_blank\" style=\"display: block; border-radius: 8px; overflow: hidden; box-shadow: 0 3px 10px rgba(0,0,0,0.1); transition: transform 0.3s ease, box-shadow 0.3s ease;\">\n        <img decoding=\"async\" src=\"https:\/\/seteilhas.com.br\/site\/wp-content\/uploads\/2025\/08\/mercado-municipal.jpg\" style=\"width: 100%; height: 200px; object-fit: cover; display: block;\" alt=\"Pra\u00e7a Mercado P\u00fablico\">\n      <\/a>\n      <a href=\"https:\/\/seteilhas.com.br\/site\/wp-content\/uploads\/2025\/08\/mercado-publico.jpg\" target=\"_blank\" style=\"display: block; border-radius: 8px; overflow: hidden; box-shadow: 0 3px 10px rgba(0,0,0,0.1); transition: transform 0.3s ease, box-shadow 0.3s ease;\">\n        <img decoding=\"async\" src=\"https:\/\/seteilhas.com.br\/site\/wp-content\/uploads\/2025\/08\/mercado-publico.jpg\" style=\"width: 100%; height: 200px; object-fit: cover; display: block;\" alt=\"Fonte Mercado P\u00fablico\">\n      <\/a>\n      <a href=\"#\" target=\"_blank\" style=\"display: block; border-radius: 8px; overflow: hidden; box-shadow: 0 3px 10px rgba(0,0,0,0.1); transition: transform 0.3s ease, box-shadow 0.3s ease;\">\n        <img decoding=\"async\" src=\"https:\/\/seteilhas.com.br\/site\/wp-content\/uploads\/2025\/08\/mercado-publico_lateral2.jpg\" style=\"width: 100%; height: 200px; object-fit: cover; display: block;\" alt=\"Lateral Mercado P\u00fablico\">\n      <\/a>\n    <\/div>\n    \n    <div class=\"studio-se7ilhas__info-item\" style=\"display: flex; align-items: flex-start; margin-bottom: 1rem;\">\n      <img decoding=\"async\" src=\"https:\/\/seteilhas.com.br\/site\/wp-content\/uploads\/2025\/08\/cropped-cropped-cropped-cropped-cropped-Logo-Sete-Ilhas-scaled-1-1-1-e1756151376375.png\" style=\"width: 24px; margin-right: 12px; flex-shrink: 0;\" alt=\"Marcador\">\n      <div class=\"studio-se7ilhas__info-text\" style=\"flex: 1;\">\n        Lojas: seg a sex das 9h \u00e0s 19h, s\u00e1b at\u00e9 12h<br>\n        Bares: at\u00e9 22h semana \/ at\u00e9 15h s\u00e1bado\n      <\/div>\n    <\/div>\n    \n    <div class=\"studio-se7ilhas__contact-info\" style=\"background: #f0f8f7; padding: 1rem; border-radius: 8px; margin-top: 1rem;\">\n      <p>Endere\u00e7o: Rua Conselheiro Mafra, 255 \u2013 Centro<\/p>\n      <p>Telefone: (48) 3225-8464<\/p>\n    <\/div>\n  <\/div>\n\n  <div class=\"studio-se7ilhas__cta\" style=\"text-align: center; margin-top: 3rem;\">\n    <a href=\"https:\/\/wa.me\/554899470275\" target=\"_blank\" style=\"background: #00726c; color: white; padding: 1rem 2.5rem; border-radius: 30px; text-decoration: none; transition: all 0.3s ease; display: inline-block; font-weight: 600; box-shadow: 0 4px 8px rgba(0, 114, 108, 0.3);\">Reserve sua estadia no Hotel Sete Ilhas<\/a>\n  <\/div>\n  <br>  <\/br>\n<\/div>\n\n\n\n<p><\/p>\n","protected":false},"excerpt":{"rendered":"<p>Descubra Florian\u00f3polis Com aproximadamente 407 mil habitantes, Florian\u00f3polis \u00e9 um local \u00fanico. \u00c9 dif\u00edcil escolher a praia mais bonita, a lagoa mais rom\u00e2ntica, o lugar mais charmoso. Floripa, como \u00e9 carinhosamente chamada, encanta de tal forma os visitantes que muitos deles n\u00e3o voltam para casa e acabam escolhendo esse para\u00edso com mais de 100 diferentes [&hellip;]<\/p>\n","protected":false},"author":1,"featured_media":0,"parent":0,"menu_order":0,"comment_status":"closed","ping_status":"closed","template":"templates\/template-page-full-width.php","meta":{"footnotes":""},"class_list":["post-286","page","type-page","status-publish","hentry"],"_links":{"self":[{"href":"https:\/\/seteilhas.com.br\/site\/wp-json\/wp\/v2\/pages\/286","targetHints":{"allow":["GET"]}}],"collection":[{"href":"https:\/\/seteilhas.com.br\/site\/wp-json\/wp\/v2\/pages"}],"about":[{"href":"https:\/\/seteilhas.com.br\/site\/wp-json\/wp\/v2\/types\/page"}],"author":[{"embeddable":true,"href":"https:\/\/seteilhas.com.br\/site\/wp-json\/wp\/v2\/users\/1"}],"replies":[{"embeddable":true,"href":"https:\/\/seteilhas.com.br\/site\/wp-json\/wp\/v2\/comments?post=286"}],"version-history":[{"count":51,"href":"https:\/\/seteilhas.com.br\/site\/wp-json\/wp\/v2\/pages\/286\/revisions"}],"predecessor-version":[{"id":2201,"href":"https:\/\/seteilhas.com.br\/site\/wp-json\/wp\/v2\/pages\/286\/revisions\/2201"}],"wp:attachment":[{"href":"https:\/\/seteilhas.com.br\/site\/wp-json\/wp\/v2\/media?parent=286"}],"curies":[{"name":"wp","href":"https:\/\/api.w.org\/{rel}","templated":true}]}}